7
In base 4, what is -10 + -21?
-31
In base 11, what is -14 + 1a1?
188
In base 16, what is -3 + a5?
a2
In base 10, what is 61 + 24?
85
In base 2, what is -11 + -11010?
-11101
In base 5, what is 10 + -10023?
-10013
In base 8, what is -1435 - -1?
-1434
In base 15, what is -64 + -1?
-65
In base 2, what is -1001001001 - -11?
-1001000110
In base 9, what is 1167 - -2?
1170
In base 11, what is 3 - -256?
259
In base 8, what is 2663 - 4?
2657
In base 8, what is -11 - -224?
213
In base 5, what is 300 + 33?
333
In base 13, what is -1 + 15?
14
In base 6, what is 4 - 1501?
-1453
In base 16, what is 2 - -d?
f
In base 10, what is 12270 + 3?
12273
In base 4, what is 11 - -1331?
2002
In base 14, what is -45 - 2?
-47
In base 2, what is 1101101111 - 10?
1101101101
In base 7, what is 10 + 5346?
5356
In base 6, what is -3142 + 45?
-3053
In base 2, what is -10 + 111110101?
111110011
In base 6, what is -3 - -101?
54
In base 12, what is 219 + -9?
210
In base 5, what is -233 - -2?
-231
In base 10, what is -1685 - 1?
-1686
In base 14, what is 17 + -2?
15
In base 12, what is 106 - -4?
10a
In base 8, what is -73 - 5?
-100
In base 5, what is 3 + 1212?
1220
In base 13, what is 382 - -5?
387
In base 6, what is 1400 - -5?
1405
In base 5, what is -2 + 113?
111
In base 6, what is -4 + -142?
-150
In base 9, what is -2 + 3062?
3060
In base 3, what is 2 - 12111?
-12102
In base 8, what is -1 + -64?
-65
In base 5, what is -1 + 3043?
3042
In base 12, what is -13573 - 1?
-13574
In base 13, what is 0 - 99?
-99
In base 7, what is 256 - 0?
256
In base 12, what is 0 - -391?
391
In base 5, what is 3 - -1232?
1240
In base 11, what is 11 + -2?
a
In base 7, what is -3 - 5023?
-5026
In base 14, what is -24 + -2a?
-50
In base 2, what is 100 - 1001?
-101
In base 16, what is -a - 161?
-16b
In base 12, what is 13a4 - -3?
13a7
In base 10, what is 13 - -14?
27
In base 14, what is b7 - 12?
a5
In base 7, what is 14 + 144?
161
In base 5, what is 4 + 203?
212
In base 8, what is 2 - 101?
-77
In base 5, what is -12 - 0?
-12
In base 11, what is -489 - 5?
-493
In base 16, what is 177b - 0?
177b
In base 16, what is -2cc - 2?
-2ce
In base 14, what is -291 - -2?
-28d
In base 2, what is -10110 - -1100?
-1010
In base 6, what is -13 - -40?
23
In base 3, what is -2 - 1002?
-1011
In base 2, what is -1110101100 + -101?
-1110110001
In base 2, what is -1010 + -1?
-1011
In base 12, what is 472 + 6?
478
In base 5, what is 0 + 31?
31
In base 3, what is 0 + 102?
102
In base 15, what is c39 - -4?
c3d
In base 6, what is -3 - -1113?
1110
In base 13, what is 17a11 + 4?
17a15
In base 16, what is 2b5 - 7?
2ae
In base 6, what is -4334 - 2?
-4340
In base 9, what is -8 - 0?
-8
In base 7, what is 16 - 5?
11
In base 7, what is 2355 - -3?
2361
In base 10, what is -9 + 846?
837
In base 4, what is -212 - -202?
-10
In base 11, what is -3 + -383?
-386
In base 7, what is 13 - -241?
254
In base 3, what is -10002 - 0?
-10002
In base 8, what is -5 - 1640?
-1645
In base 4, what is 23 + -1301?
-1212
In base 15, what is -696 - 1?
-697
In base 3, what is 1010 + 22?
1102
In base 4, what is -123 + -212?
-1001
In base 3, what is -12 + -1211?
-2000
In base 11, what is -18 - 10?
-28
In base 15, what is -2 + -3c?
-3e
In base 14, what is -2 + -5a7?
-5a9
In base 3, what is -10 - 2120?
-2200
In base 14, what is 4 + -157?
-153
In base 16, what is a2 - 3?
9f
In base 2, what is -1110000 - 1100110?
-11010110
In base 15, what is 0 + -4c?
-4c
In base 3, what is 22 - 111?
-12
In base 8, what is 5 + 1617?
1624
In base 10, what is 0 - -17?
17
In base 16, what is 4 - -13?
17
In base 5, what is 1004 + 310?
1314
In base 3, what is -11022 - 212?
-12011
In base 12, what is 7 - b?
-4
In base 9, what is -3 + 52?
48
In base 7, what is 5615 - 1?
5614
In base 9, what is -24 - -16?
-7
In base 4, what is -12 - 212222?
-212300
In base 12, what is -2 - -4b8a?
4b88
In base 2, what is -10011 + -101?
-11000
In base 8, what is 3 + 4?
7
In base 9, what is 8 + -41?
-32
In base 6, what is -4 + -4105?
-4113
In base 2, what is -10 + 1100101011?
1100101001
In base 5, what is -24 + 144?
120
In base 13, what is 1 - -49?
4a
In base 6, what is 43 + -151?
-104
In base 7, what is 143 + -6?
134
In base 15, what is 6e - 2?
6c
In base 12, what is -2 - 360a?
-3610
In base 4, what is -1 - -123213?
123212
In base 14, what is -299 + -4?
-29d
In base 2, what is 10001100000 + -1?
10001011111
In base 15, what is 5 - -520?
525
In base 3, what is 20210 + 210?
21120
In base 6, what is 35 - 0?
35
In base 7, what is -4 - 13060?
-13064
In base 10, what is -290 + -4?
-294
In base 14, what is 2 - 5a?
-58
In base 7, what is -3054 + -5?
-3062
In base 2, what is -1001 + -11010?
-100011
In base 4, what is -11 - -202030?
202013
In base 10, what is 2 + -737?
-735
In base 15, what is -65 - 0?
-65
In base 12, what is -3852 + -1?
-3853
In base 10, what is -1 + 5?
4
In base 15, what is 78 + -11?
67
In base 4, what is -32131 + -2?
-32133
In base 16, what is 11 - -5f?
70
In base 13, what is -2 - 43?
-45
In base 15, what is -d - -16?
8
In base 13, what is -6 + 2c?
26
In base 15, what is -2 - -20?
1d
In base 6, what is -1404 - 22?
-1430
In base 6, what is 5 + 242?
251
In base 12, what is -2 + 128?
126
In base 3, what is -11 + 1100220?
1100202
In base 16, what is -b0 + -8?
-b8
In base 15, what is 22 + 2?
24
In base 15, what is -3 - 146?
-149
In base 13, what is -5 + 18?
13
In base 8, what is -3720 - 1?
-3721
In base 11, what is 1 + 200?
201
In base 4, what is -11 + 2003?
1332
In base 14, what is b + 196?
1a3
In base 3, what is -12 - 110202?
-110221
In base 15, what is 4 + 940?
944
In base 11, what is -1783 + 0?
-1783
In base 11, what is 6 + -31?
-26
In base 10, what is 242 + 109?
351
In base 13, what is -3 + -2218?
-221b
In base 5, what is 1 - 23130?
-23124
In base 6, what is 2 + -1121?
-1115
In base 12, what is 51 - 2b?
22
In base 15, what is -19 + 5d?
44
In base 14, what is -25 + 17?
-c
In base 14, what is 430 - 4?
42a
In base 16, what is -12 + 90?
7e
In base 14, what is 5 + -78d?
-788
In base 12, what is a9 - 2?
a7
In base 13, what is -8 - 1a?
-25
In base 5, what is -14013 + 2?
-14011
In base 10, what is -5 + 135?
130
In base 9, what is -12 + -55?
-67
In base 15, what is 17 + -1b?
-4
In base 8, what is 12 - -1014?
1026
In base 7, what is -503 - 5?
-511
In base 4, what is 3230 + -12?
3212
In base 9, what is 0 + -802?
-802
In base 8, what is -1 - -3470?
3467
In base 6, what is -12425 - 2?
-12431
In base 13, what is -3c - c?
-4b
In base 8, what is -1224 + 5?
-1217
In base 15, what is -3b + -11?
-4c
In base 11, what is -5 + 12a?
125
In base 10, what is -574 + 9?
-565
In base 5, what is -4140 - -1?
-4134
In base 3, what is -1002 + -11?
-1020
In base 10, what is 4 - 105?
-101
In base 5, what is 31 - -42?
123
In base 5, what is 403 - 121?
232
In base 15, what is -81 - 4?
-85
In base 9, what is 1558 + -4?
1554
In base 6, what is 32 - 10?
22
In base 7, what is -12052 + 1?
-12051
In base 15, what is -a56 - -5?
-a51
In base 10, what is -4 - -67?
63
In base 15, what is 5 + c3?
c8
In base 4, what is 10 + -113023?
-113013
In base 15, what is -116 + -1?
-117
In base 2, what is 10001000011 - 101?
10000111110
In base 8, what is 2 - -164?
166
In base 14, what is -b + 32?
25
In base 9, what is -422 + -1?
-423
In base 5, what is 1 + 304?
310
In base 16, what is 3f + 6?
45
In base 6, what is -2 + 105?
103
In base 11, what is -4 - a3?
-a7
In base 13, what is -1 - -14c?
14b
In base 13, what is -52 + -37?
-89
In base 6, what is -325 + -12?
-341
In base 15, what is -5 - 8?
-d
In base 10, what is -2303 + 1?
-2302
In base 10, what is -241 + 3?
-238
In base 10, what is -45 - 18?
-63
In base 2, what is -101111 - -10001?
-11110
In base 11, what is -18 - -2?
-16
In base 2, what is 1010 - -111?
10001
In base 15, what is -9b + -60?
-10b
In base 5, what is -3 - -2011?
2003
In base 2, what is 11001011000000 + -1?
11001010111111
In base 3, what is -12 + 2110101?
2110012
In base 14, what is -6 + 15b?
155
In base 9, what is 468 - 3?
465
In base 12, what is 18 + 17?
33
In base 9, what is 106 - 5?
101
In base 11, what is 147 + -2?
145
In base 14, what is 2 - -47?
49
In base 12, what is -4 + -88?
-90
In base 2, what is -1001101 + -100?
-1010001
In base 5, what is 1 - -23?
24
In base 7, what is 3 - -14506?
14512
In base 8, what is -25 - 165?
-212
In base 14